 + v. Is n even?
False
Let v(i) = 9*i**2 + i**2 + 8*i**2 - 24 - 17*i**2 - 14*i. Is v(22) a multiple of 17?
False
Let n(i) = 20*i**2 + 52*i - 262. Is 7 a factor of n(6)?
True
Suppose -b + 81 = -718. Does 27 divide b?
False
Let w(s) = s - 5. Let k be w(4). Let u be 2 + 0 - 1 - k. Suppose 117 = 3*b + f, 4*f - 195 = -5*b + u*f. Does 13 divide b?
True
Suppose 2 = -v + 3. Suppose -19 = -4*p + v. Suppose 0 = -4*c - 3*u + 30, 0*c - u - 47 = -p*c. Does 5 divide c?
False
Suppose 1715 = 2*o + 3*c, -2*c + 3427 = 4*o + c. Is 8 a factor of o?
True
Let f(b) = -b + 10. Let i(d) = d**3 - 5*d**2 - 4*d + 6. Let x be i(5). Let g = -14 - x. Is f(g) a multiple of 5?
True
Suppose -3*o - 1148 = -3*h + o, 3*o = -5*h + 1923. Is 24 a factor of h?
True
Let l = -247 - -433. Does 4 divide 10/(-15) + l/9?
True
Let r(q) = 31*q**2 + 5*q - 13. Does 13 divide r(4)?
False
Let w(l) = -l**2 + l + 26. Let q be w(-4). Suppose 0 = 3*i - q*m + 2*m - 574, 5*m = -i + 185. Does 10 divide i?
True
Suppose 4*s - 2*m + 3*m = 380, -s - 5*m = -114. Suppose 89*i + 225 = s*i. Does 5 divide i?
True
Let t(p) = -p**2 - 16*p + 15. Let b(c) = -1. Let l(s) = 6*b(s) - t(s). Let u be (-550)/30 + (2/6 - 0). Does 6 divide l(u)?
False
Let o(u) = -u**2 + 5*u**2 + 11*u - 8 + 2. Is 19 a factor of o(-6)?
False
Let y(f) = f**3 - 4*f**2 + f - 5. Let x be 16/12*(1 + 2). Suppose -4*s + k + 15 = 0, 0 = -4*s - x*k + 40. Is y(s) a multiple of 7?
False
Suppose 9*f = 11*f + 2. Does 25 divide 150/(-1 + f + 20/5)?
True
Does 13 divide 34/51 - (-11234)/6?
False
Let j = -693 + 1117. Is j a multiple of 8?
True
Let t be ((-14)/5)/((-32)/880). Suppose x - 72 = -3*c, x + t = 2*x - 2*c. Is 15 a factor of x?
True
Let u(v) = 2*v**2 - 7*v + 28. Suppose 26 = 5*n + 3*p, 2*p = p + 2. Is u(n) a multiple of 6?
False
Let q = 20 - 17. Suppose -3*z + 193 = -z + k, q*k + 213 = 2*z. Suppose 0 = 4*y - z - 97. Is y a multiple of 18?
False
Suppose 0 = 33*q - 29*q - 88. Suppose -4*r = -6*r + q. Suppose r - 2 = o. Is 3 a factor of o?
True
Suppose 0 = -3*l - 2*a - 7 - 12, 0 = -5*l - 5*a - 30. Let g(s) = s**3 + 7*s**2 - 3*s - 5. Is g(l) a multiple of 4?
True
Let h(p) = 20*p**2 + 9*p - 18. Is h(3) a multiple of 27?
True
Is 7 a factor of 106 + 1327 + (5 - 0)?
False
Let v be 3/6 - (-9)/6. Suppose 0 = -v*q + 3*r + 257, 4*q + 93 = -3*r + 580. Is 31 a factor of q?
True
Let m = -39 - -247. Suppose -21*o = -19*o - m. Is 11 a factor of o?
False
Let y(t) be the first derivative of -t**3/3 + 5*t**2 - 4*t - 13. Does 5 divide y(9)?
True
Is 12 a factor of 116/145*1194/(-8)*-25?
False
Suppose 4*y = -3*o - 27, -o - 4 = 2*y + 7. Let w(z) = -17*z**2 + 55. Let t(m) = -5*m**2 + 17. Let v(b) = -7*t(b) + 2*w(b). Is v(o) a multiple of 10?
False
Suppose -3*g + 8465 = -4*b - 8*g, 4*g - 8420 = 4*b. Is 11 a factor of (-2)/7 - b/35?
False
Suppose 1198*g - 1199*g = -342. Is 3 a factor of g?
True
Suppose -18*r = -17*r - 2*v - 974, v + 1936 = 2*r. Is 16 a factor of r?
False
Let i = 1 + -4. Let a be 30*((-11)/(-5) + i). Let f = -16 - a. Is f a multiple of 8?
True
Is 15 a factor of ((-52)/8 + 5)*-134?
False
Suppose 0 = -7*u + 189 + 1085. Does 14 divide u?
True
Is -9 + 1 - -449 - 4 a multiple of 7?
False
Suppose n = -p - 3*n + 126, -3*p = -5*n - 429. Suppose 0 = -2*x - 4*l + 4, -4*x + 3 = -9*x + 3*l. Suppose -3*y + p = -x*y. Is 8 a factor of y?
False
Let n be (-1)/((-2)/8) - -2. Does 9 divide 108*(15/n - 2)?
True
Let n(y) = -79*y**3 + 7*y**2 - y - 2. Is 8 a factor of n(-1)?
False
Suppose 0 = 4*m + 3*v - 0*v - 23, 4*m = 2*v + 18. Suppose -5 = 4*q - m*q, -5*o = 4*q + 1850. Is 13 a factor of o/(-14) - 22/(-77)?
False
Let p = 4 + 0. Suppose p*i = 5*i - 82. Is 14 a factor of i?
False
Suppose 0 = -o + 2*r + 842, 3*o = -3*r + 1426 + 1145. Let d be -2 + 4 + o + -4. Is 6 a factor of d/35 - 6/21?
True
Suppose -2*b + t - 4*t + 182 = 0, -t - 455 = -5*b. Does 7 divide b?
True
Is 36 a factor of ((-48)/(-15))/4*(-810)/(-3)?
True
Let k(s) = 13*s**2 + 1. Suppose 10*j - 10 - 20 = 0. Is k(j) a multiple of 44?
False
Let z = 410 + 170. Does 29 divide z?
True
Let g(f) = 62 - 8*f + 2*f**2 - 126 + 56 + 0*f**2. Is 18 a factor of g(-7)?
False
Let l = -323 + 511. Suppose 4*m - r - l = r, 0 = 5*m + 3*r - 257. Is 10 a factor of m?
False
Suppose -4*r = y - 99, 3*r + 253 = 2*y - 0*y. Let p = 197 - y. Suppose 7*a - 5*w = 3*a + p, -a + 30 = 4*w. Is 6 a factor of a?
False
Let a = 2666 - 1076. Is a a multiple of 15?
True
Suppose 0 = -4*t + 321 - 49. Is 10 a factor of t/3 + (-12)/18?
False
Suppose -u = -10*u + 16182. Is 31 a factor of u?
True
Let c(l) = -6*l - 4. Let h be c(3). Let j = h - -27. Suppose -3*b + j*b - 30 = 0. Is b a multiple of 3?
True
Suppose -69*i + 623 = -62*i. Is i a multiple of 65?
False
Let q = 2607 - 1767. Is q a multiple of 7?
True
Let k(u) = 4*u + 478. Is 29 a factor of k(11)?
True
Suppose 0 = 5*x - 3*v - 80, 40*v = 39*v. Is x a multiple of 4?
True
Let o(k) = -4*k**2 - 2*k - 1. Let n be o(-1). Let q be n + -1*(-11)/1. Does 6 divide (q + 1)*24/9?
True
Suppose -2*b - 8*z = -4*z - 80, -5*z + 79 = 2*b. Suppose -b = -3*v + 33. Is v a multiple of 5?
True
Let x(o) = -6*o - 3. Let a be x(-3). Suppose -2*u + 48 = 4*y, 0 = 5*u + 5*y - 85 - a. Suppose u = n + 4. Is 8 a factor of n?
False
Suppose -4*i + 3*z = -1106, 2*i + z + 832 = 5*i. Does 25 divide i*3/(-9)*12/(-8)?
False
Let u be (-9)/(-1) + -1 + 1. Suppose 3*v = 49*m - 52*m + 423, 3*v - 9 = 0. Suppose u = 3*d, d - m = a - 4*a. Is 9 a factor of a?
True
Suppose -40 = -23*u + 29. Let b be 4/(-10) - 12/(-5). Suppose -u*g = -4*w + 116 + 21, -b*g = 5*w - 154. Is w a multiple of 14?
False
Suppose -2*t - 5*t + 595 = 0. Suppose -4*z - c = 4*c + 159, -165 = 4*z - c. Let m = z + t. Is m a multiple of 19?
False
Let h(f) be the second derivative of -f**3/6 + f**2 + 5*f. Let x be h(-7). Suppose -x*y + 13*y = 84. Does 7 divide y?
True
Let o = 638 - 291. Is 1 + o + -5 + 2 a multiple of 23?
True
Suppose -31*j = -35*j + 1584. Suppose 3*i - 3*a = 2*a + j, 2*a + 6 = 0. Is i a multiple of 39?
False
Suppose 89*w - 11400 = -6*w. Is 6 a factor of w?
True
Let k(g) = -12*g**2 - 4*g + 4. Let h be k(3). Suppose -2*y + p - 136 = 0, 4*y - 4*p + 142 = -138. Let b = y - h. Is b a multiple of 10?
True
Let s = -675 - -264. Does 30 divide s/(-6)*-2*-1?
False
Let i(b) = 94*b + 236. Is i(7) a multiple of 63?
False
Suppose 3*u = 4*u. Suppose 5*s + 565 - 1525 = u. Suppose 0*y - 4*y = -s. Is y a multiple of 22?
False
Let c(d) = -2*d + 21. Let o be c(9). Suppose -7*n + 4*n + 180 = -3*r, 4*n - 268 = -o*r. Does 16 divide n?
True
Suppose 146 + 174 = 8*r. Is 18 a factor of 9/(-24) - (-4535)/r?
False
Let o = -735 + -159. Is 10 a factor of o/(-10) + (-5 - 196/(-35))?
True
Suppose 3*h - 1005 = 885. Does 3 divide h?
True
Let x(z) = 4*z**2 - 51*z - 45. Is x(-10) a multiple of 17?
False
Let w(x) = -x**3 - 2*x**2 - 2*x. Let p be w(-1). Does 6 divide (3*(-1)/p)/(20/(-160))?
True
Let a(u) = -u**3 + 19*u**2 - 13*u - 24. Is 7 a factor of a(18)?
False
Let i = -2130 - -2327. Is 4 a factor of i?
False
Let j(g) = 11 + g - 11 + 0*g**2 - g**2. Let q be j(-3). Is (9 + 1)*(-30)/q a multiple of 25?
True
Let g(s) = 7*s**2 - 3*s - 25. Let o be g(-4). Does 17 divide o*(76/20 - 4)*-5?
False
Let n(v) = -15*v**3 - 4*v**2 - 7*v + 10. Is n(-3) a multiple of 40?
True
Let v(z) = -18*z - 6. Let r be v(-6). Suppose -2*q - r = -4*q. Is q a multiple of 21?
False
Let n(i) = -262*i - 56. Is n(-2) a multiple of 42?
False
Let o be 7 + 1 - (48/3)/4. Suppose 4*s + 938 = 6*f - f, 8 = -o*s. Does 37 divide f?
False
Let m(i) = -12*i - 10. Let l be m(-5). Let v = l + -13. Is v a multiple of 15?
False
Is (-7 + 33/((-6)/(-2)))*4 a multiple of 8?
True
Let y be (1 - 1) + 6/3. Suppose -y*r = -10 - 138. Suppose 3*j + 5 = r. Is 23 a factor of j?
True
Suppose 0 = 5*z + 3*d - 6978 - 7588, -5*d - 14590 = -5*z. Is 7 a factor of z?
False
Suppose -3*v - 111 = -w, 3*w - 346 = v - 5*v. Does 8 divide w?
False
Let v = -206 + 91. Let i = v - -198. Does 32 divide i?
False
Does 48 divide 5 + (-9 - -56) + 2*-2?
True
Let m = 237 + 86. Is m a multiple of 17?
True
Let x(r) = -42*r + 23. Let v be x(-6). Suppose -5*g = -10*g + v. Does 8 divide g?
False
Suppose 0 = 2*j - 0*j + 2. Let q be (1/2)/(j/(-6)). Suppose 8 = q*l - 2*l. Does 6 divide l?
False
Suppose 0 = -17*b + 2*b + 855. Is b a multiple of 57?
True
Suppose 2*c - 2 = 2. Let a(i) = 10 + 4*i**c - 13*i + 4